{"id":5,"date":"2024-10-25T01:44:14","date_gmt":"2024-10-25T01:44:14","guid":{"rendered":"https:\/\/www.queennailstudio.fr\/sample-home-page\/"},"modified":"2025-12-07T22:20:52","modified_gmt":"2025-12-07T22:20:52","slug":"sample-home-page","status":"publish","type":"page","link":"https:\/\/www.queennailstudio.fr\/","title":{"rendered":"Sample Home Page"},"content":{"rendered":"<h5>Un nouveau salon pour votre bien \u00eatre <\/h5>\n<h1>Notre gamme de soins <\/h1>\n<ul>\n<li>ONGLERIE<\/li>\n<li>SOINS DU VISAGE<\/li>\n<li>HEAD SPA<\/li>\n<li>EPILATION<\/li>\n<li>EXTENSION DE CILS\/SOURCILS<\/li>\n<li>PRODUITS COSMETIQUES<\/li>\n<\/ul>\n<p>\t\t\t\t\t<a href=\"https:\/\/www.queennailstudio.fr\/?page_id=1394\"><br \/>\n\t\t\t\t\t\t\t\t\tPRENDRE RENDEZ VOUS AVEC PLANITY<br \/>\n\t\t\t\t\t<\/a><br \/>\n\t\t\t\t\t<a target=\"_blank\"><br \/>\n\t\t\t\t\t\tFacebook<br \/>\n\t\t\t\t\t\t<svg aria-hidden=\"true\" viewBox=\"0 0 512 512\" xmlns=\"http:\/\/www.w3.org\/2000\/svg\"><path d=\"M504 256C504 119 393 8 256 8S8 119 8 256c0 123.78 90.69 226.38 209.25 245V327.69h-63V256h63v-54.64c0-62.15 37-96.48 93.67-96.48 27.14 0 55.52 4.84 55.52 4.84v61h-31.28c-30.8 0-40.41 19.12-40.41 38.73V256h68.78l-11 71.69h-57.78V501C413.31 482.38 504 379.78 504 256z\"><\/path><\/svg>\t\t\t\t\t<\/a><br \/>\n\t\t\t\t\t<a target=\"_blank\"><br \/>\n\t\t\t\t\t\tTwitter<br \/>\n\t\t\t\t\t\t<svg aria-hidden=\"true\" viewBox=\"0 0 512 512\" xmlns=\"http:\/\/www.w3.org\/2000\/svg\"><path d=\"M459.37 151.716c.325 4.548.325 9.097.325 13.645 0 138.72-105.583 298.558-298.558 298.558-59.452 0-114.68-17.219-161.137-47.106 8.447.974 16.568 1.299 25.34 1.299 49.055 0 94.213-16.568 130.274-44.832-46.132-.975-84.792-31.188-98.112-72.772 6.498.974 12.995 1.624 19.818 1.624 9.421 0 18.843-1.3 27.614-3.573-48.081-9.747-84.143-51.98-84.143-102.985v-1.299c13.969 7.797 30.214 12.67 47.431 13.319-28.264-18.843-46.781-51.005-46.781-87.391 0-19.492 5.197-37.36 14.294-52.954 51.655 63.675 129.3 105.258 216.365 109.807-1.624-7.797-2.599-15.918-2.599-24.04 0-57.828 46.782-104.934 104.934-104.934 30.213 0 57.502 12.67 76.67 33.137 23.715-4.548 46.456-13.32 66.599-25.34-7.798 24.366-24.366 44.833-46.132 57.827 21.117-2.273 41.584-8.122 60.426-16.243-14.292 20.791-32.161 39.308-52.628 54.253z\"><\/path><\/svg>\t\t\t\t\t<\/a><br \/>\n\t\t\t\t\t<a target=\"_blank\"><br \/>\n\t\t\t\t\t\tInstagram<br \/>\n\t\t\t\t\t\t<svg aria-hidden=\"true\" viewBox=\"0 0 448 512\" xmlns=\"http:\/\/www.w3.org\/2000\/svg\"><path d=\"M224.1 141c-63.6 0-114.9 51.3-114.9 114.9s51.3 114.9 114.9 114.9S339 319.5 339 255.9 287.7 141 224.1 141zm0 189.6c-41.1 0-74.7-33.5-74.7-74.7s33.5-74.7 74.7-74.7 74.7 33.5 74.7 74.7-33.6 74.7-74.7 74.7zm146.4-194.3c0 14.9-12 26.8-26.8 26.8-14.9 0-26.8-12-26.8-26.8s12-26.8 26.8-26.8 26.8 12 26.8 26.8zm76.1 27.2c-1.7-35.9-9.9-67.7-36.2-93.9-26.2-26.2-58-34.4-93.9-36.2-37-2.1-147.9-2.1-184.9 0-35.8 1.7-67.6 9.9-93.9 36.1s-34.4 58-36.2 93.9c-2.1 37-2.1 147.9 0 184.9 1.7 35.9 9.9 67.7 36.2 93.9s58 34.4 93.9 36.2c37 2.1 147.9 2.1 184.9 0 35.9-1.7 67.7-9.9 93.9-36.2 26.2-26.2 34.4-58 36.2-93.9 2.1-37 2.1-147.8 0-184.8zM398.8 388c-7.8 19.6-22.9 34.7-42.6 42.6-29.5 11.7-99.5 9-132.1 9s-102.7 2.6-132.1-9c-19.6-7.8-34.7-22.9-42.6-42.6-11.7-29.5-9-99.5-9-132.1s-2.6-102.7 9-132.1c7.8-19.6 22.9-34.7 42.6-42.6 29.5-11.7 99.5-9 132.1-9s102.7-2.6 132.1 9c19.6 7.8 34.7 22.9 42.6 42.6 11.7 29.5 9 99.5 9 132.1s2.7 102.7-9 132.1z\"><\/path><\/svg>\t\t\t\t\t<\/a><br \/>\n\t\t\t\t\t\t\t<a href=\"https:\/\/www.queennailstudio.fr\/?page_id=834\"><\/p>\n<h1>\n\t\t\t\t\t\tSOINS DU VISAGE \t\t\t\t\t<\/h1>\n<h4>\n\t\t\t\t\t\tD\u00e9couvrez notre gamme de soins du visage\t\t\t\t\t<\/h4>\n<p>\t\t\t\t\t\tR\u00e9server<br \/>\n\t\t\t\t\tNouveau<br \/>\n\t\t\t\t<\/a><br \/>\n\t\t\t\t\t\t\t<a href=\"https:\/\/www.queennailstudio.fr\/?page_id=785\"><\/p>\n<h2>\n\t\t\t\t\t\tHEADSPA\t\t\t\t\t<\/h2>\n<h4>\n\t\t\t\t\t\tVenez d\u00e9couvrir  nos massages \t\t\t\t\t<\/h4>\n<p>\t\t\t\t\t\tR\u00e9server<br \/>\n\t\t\t\t\tNouveau<br \/>\n\t\t\t\t<\/a><br \/>\n\t\t\t\t\t\t\t<a href=\"https:\/\/www.queennailstudio.fr\/?page_id=497\"><\/p>\n<h2>\n\t\t\t\t\t\tSOINS POUR LES MAINS\t\t\t\t\t<\/h2>\n<h4>\n\t\t\t\t\t\tD\u00e9couvrez notre onglerie pour vos mains \t\t\t\t\t<\/h4>\n<p>\t\t\t\t\t\tR\u00e9server<br \/>\n\t\t\t\t\tNouveau<br \/>\n\t\t\t\t<\/a><br \/>\n\t\t\t\t\t\t\t<a href=\"https:\/\/www.queennailstudio.fr\/?page_id=289\"><\/p>\n<h2>\n\t\t\t\t\t\tSOINS POUR LES PIEDS \t\t\t\t\t<\/h2>\n<h4>\n\t\t\t\t\t\tD\u00e9couvrez notre onglerie pour vos pieds\t\t\t\t\t<\/h4>\n<p>\t\t\t\t\t\tR\u00e9server<br \/>\n\t\t\t\t\tNouveau<br \/>\n\t\t\t\t<\/a><br \/>\n\t\t\t\t\t\t\t<a href=\"https:\/\/www.queennailstudio.fr\/?page_id=207\"><\/p>\n<h2>\n\t\t\t\t\t\tEPILATION\t\t\t\t\t<\/h2>\n<h4>\n\t\t\t\t\t\tD\u00e9couvrez notre gamme d&rsquo;epilation \t\t\t\t\t<\/h4>\n<p>\t\t\t\t\t\tR\u00e9server<br \/>\n\t\t\t\t\tNouveau<br \/>\n\t\t\t\t<\/a><br \/>\n\t\t\t\t\t\t\t<a href=\"https:\/\/www.queennailstudio.fr\/?page_id=1147\"><\/p>\n<h2>\n\t\t\t\t\t\tEXTENSION DE CILS SOURCILS\t\t\t\t\t<\/h2>\n<h4>\n\t\t\t\t\t\tD\u00e9couvrez notre gamme de soins pour vos cils et sourcils \t\t\t\t\t<\/h4>\n<p>\t\t\t\t\t\tR\u00e9server<br \/>\n\t\t\t\t\tNOUVEAU<br \/>\n\t\t\t\t<\/a><br \/>\n\t\t\t\t\t\t\t<a href=\"https:\/\/www.queennailstudio.fr\/?page_id=979\"><\/p>\n<h2>\n\t\t\t\t\t\tCARTE CADEAU \t\t\t\t\t<\/h2>\n<h4>\n\t\t\t\t\t\tOffrez un soin \u00e0 vos proches avec nos cartes cadeau\t\t\t\t\t<\/h4>\n<p>\t\t\t\t\t\tEn savoir plus<br \/>\n\t\t\t\t\tOFFRIR<br \/>\n\t\t\t\t<\/a><\/p>\n<h2>NOTRE BOUTIQUE A SALON DE PROVENCE<\/h2>\n<p>\t\t\t<iframe loading=\"lazy\"\n\t\t\t\t\tsrc=\"https:\/\/maps.google.com\/maps?q=79%2C%20boulevard%20Nostradamus%2013300%20salon%20de%20provence&#038;t=m&#038;z=10&#038;output=embed&#038;iwloc=near\"\n\t\t\t\t\ttitle=\"79, boulevard Nostradamus 13300 salon de provence\"\n\t\t\t\t\taria-label=\"79, boulevard Nostradamus 13300 salon de provence\"\n\t\t\t><\/iframe><br \/>\n\t\t\t\t\t\t\t\t\t\t\t\t\t\t\t<img loading=\"lazy\" decoding=\"async\" width=\"800\" height=\"519\" src=\"https:\/\/www.queennailstudio.fr\/wp-content\/uploads\/2025\/12\/IMG_2775-2-1024x664.jpg\" alt=\"\" srcset=\"https:\/\/www.queennailstudio.fr\/wp-content\/uploads\/2025\/12\/IMG_2775-2-1024x664.jpg 1024w, https:\/\/www.queennailstudio.fr\/wp-content\/uploads\/2025\/12\/IMG_2775-2-300x194.jpg 300w, https:\/\/www.queennailstudio.fr\/wp-content\/uploads\/2025\/12\/IMG_2775-2-768x498.jpg 768w, https:\/\/www.queennailstudio.fr\/wp-content\/uploads\/2025\/12\/IMG_2775-2-600x389.jpg 600w, https:\/\/www.queennailstudio.fr\/wp-content\/uploads\/2025\/12\/IMG_2775-2.jpg 1290w\" sizes=\"auto, (max-width: 800px) 100vw, 800px\" \/><br \/>\n\t\t\t\t\t\t\t\t\t\t\t\t\t\t\t<img loading=\"lazy\" decoding=\"async\" width=\"768\" height=\"1024\" src=\"https:\/\/www.queennailstudio.fr\/wp-content\/uploads\/2024\/12\/IMG_1501_1-768x1024.jpeg\" alt=\"\" srcset=\"https:\/\/www.queennailstudio.fr\/wp-content\/uploads\/2024\/12\/IMG_1501_1-768x1024.jpeg 768w, https:\/\/www.queennailstudio.fr\/wp-content\/uploads\/2024\/12\/IMG_1501_1-225x300.jpeg 225w, https:\/\/www.queennailstudio.fr\/wp-content\/uploads\/2024\/12\/IMG_1501_1-1152x1536.jpeg 1152w, https:\/\/www.queennailstudio.fr\/wp-content\/uploads\/2024\/12\/IMG_1501_1-600x800.jpeg 600w, https:\/\/www.queennailstudio.fr\/wp-content\/uploads\/2024\/12\/IMG_1501_1.jpeg 1536w\" sizes=\"auto, (max-width: 768px) 100vw, 768px\" \/><br \/>\n\t\t\t\t\t\t\t\t\t\t\t\t\t\t\t<img loading=\"lazy\" decoding=\"async\" width=\"800\" height=\"870\" src=\"https:\/\/www.queennailstudio.fr\/wp-content\/uploads\/2024\/12\/IMG_1507.jpeg\" alt=\"\" srcset=\"https:\/\/www.queennailstudio.fr\/wp-content\/uploads\/2024\/12\/IMG_1507.jpeg 828w, https:\/\/www.queennailstudio.fr\/wp-content\/uploads\/2024\/12\/IMG_1507-276x300.jpeg 276w, https:\/\/www.queennailstudio.fr\/wp-content\/uploads\/2024\/12\/IMG_1507-768x835.jpeg 768w, https:\/\/www.queennailstudio.fr\/wp-content\/uploads\/2024\/12\/IMG_1507-600x652.jpeg 600w\" sizes=\"auto, (max-width: 800px) 100vw, 800px\" \/><br \/>\n\t\thttps:\/\/www.queennailstudio.fr\/wp-content\/uploads\/2025\/12\/copy_B6E80FA4-5D65-493F-BA76-5C02996653AF-1.mov<br \/>\n\t\t\t\t\t\t\t\t\t\t\t\t\t\t\t<img decoding=\"async\" src=\"https:\/\/www.queennailstudio.fr\/wp-content\/uploads\/2025\/12\/copy_EC4A688C-CF90-4068-AD81-E01841F83ECE.mov\" title=\"\" alt=\"\" loading=\"lazy\" \/><br \/>\n\t\t\t\t\t\t\t\t\t\t\t\t\t\t\t<img decoding=\"async\" src=\"https:\/\/www.queennailstudio.fr\/wp-content\/uploads\/2025\/12\/copy_DC20DD12-BD1F-45B5-8C96-FD693AF09155.mov\" title=\"\" alt=\"\" loading=\"lazy\" \/><br \/>\n\t\t\t\t\t\t\t\t\t\t\t\t\t\t\t<img decoding=\"async\" src=\"https:\/\/www.queennailstudio.fr\/wp-content\/uploads\/2025\/12\/copy_B6E80FA4-5D65-493F-BA76-5C02996653AF-2.mov\" title=\"\" alt=\"\" loading=\"lazy\" \/><\/p>\n","protected":false},"excerpt":{"rendered":"<p>Un nouveau salon pour votre bien \u00eatre Notre gamme de soins ONGLERIE SOINS DU VISAGE HEAD SPA EPILATION EXTENSION DE CILS\/SOURCILS PRODUITS COSMETIQUES PRENDRE RENDEZ VOUS AVEC PLANITY Facebook Twitter Instagram SOINS DU VISAGE D\u00e9couvrez notre gamme de soins du visage R\u00e9server Nouveau HEADSPA Venez d\u00e9couvrir nos massages R\u00e9server Nouveau SOINS POUR LES MAINS D\u00e9couvrez [&hellip;]<\/p>\n","protected":false},"author":1,"featured_media":0,"parent":0,"menu_order":0,"comment_status":"closed","ping_status":"closed","template":"","meta":{"footnotes":""},"class_list":["post-5","page","type-page","status-publish","hentry"],"_links":{"self":[{"href":"https:\/\/www.queennailstudio.fr\/index.php?rest_route=\/wp\/v2\/pages\/5","targetHints":{"allow":["GET"]}}],"collection":[{"href":"https:\/\/www.queennailstudio.fr\/index.php?rest_route=\/wp\/v2\/pages"}],"about":[{"href":"https:\/\/www.queennailstudio.fr\/index.php?rest_route=\/wp\/v2\/types\/page"}],"author":[{"embeddable":true,"href":"https:\/\/www.queennailstudio.fr\/index.php?rest_route=\/wp\/v2\/users\/1"}],"replies":[{"embeddable":true,"href":"https:\/\/www.queennailstudio.fr\/index.php?rest_route=%2Fwp%2Fv2%2Fcomments&post=5"}],"version-history":[{"count":25,"href":"https:\/\/www.queennailstudio.fr\/index.php?rest_route=\/wp\/v2\/pages\/5\/revisions"}],"predecessor-version":[{"id":1704,"href":"https:\/\/www.queennailstudio.fr\/index.php?rest_route=\/wp\/v2\/pages\/5\/revisions\/1704"}],"wp:attachment":[{"href":"https:\/\/www.queennailstudio.fr\/index.php?rest_route=%2Fwp%2Fv2%2Fmedia&parent=5"}],"curies":[{"name":"wp","href":"https:\/\/api.w.org\/{rel}","templated":true}]}}